 l be q + (-1)/(-3)*0. Suppose 250 = -y + 263. What is the greatest common divisor of l and y?
13
Suppose 161*b - 410*b - 92569 = -426727. What is the highest common factor of b and 242?
22
Suppose 3*d - 6*d + 5*x + 133784 = 0, 0 = 2*d - 2*x - 89200. What is the highest common divisor of d and 34?
34
Let u = 166 + -174. Let a be 3*(-8)/(-3)*(-4)/u. What is the greatest common factor of a and 4?
4
Suppose 3*l + 236 = 7*l. Suppose -l*a + 56*a = 0. Suppose a = t - 0 - 13. What is the greatest common divisor of 39 and t?
13
Let y(o) = -o**3 - 3*o**2 - 3*o - 3. Let m(p) = p**2 - 3*p - 43. Let i be m(8). Let r be y(i). What is the greatest common divisor of 294 and r?
6
Suppose 0 = 108*l - 3265 + 1105. What is the highest common divisor of 1960 and l?
20
Suppose 21*t - 16902 = 3*t. Let w be t + (-1)/2 + 15/(-6). Calculate the highest common divisor of 72 and w.
72
Let n = 19133 - 15850. What is the greatest common divisor of n and 67?
67
Let v = -12978 - -13047. What is the highest common factor of 558 and v?
3
Let l be (24/9)/((-18)/162). Let n be (7/(-14))/(4/l). Calculate the highest common factor of 51 and n.
3
Suppose -12*f + 352 = -1388. Let a = -47 + f. Calculate the highest common divisor of a and 392.
98
Let q(p) = p**3 + 26*p**2 + 59*p - 179. Let s be q(-23). Let k = -18 + 35. What is the highest common divisor of k and s?
17
Let x be ((-8)/10)/((2 - -1)/15). Let q be (1/x)/((-12)/144). Suppose -25 = -2*k - q*k. What is the highest common divisor of 2 and k?
1
Let w = 143 - 83. Let y(o) = -o - 53. Let s be y(-28). Let m = -5 - s. Calculate the greatest common factor of w and m.
20
Let l be (-13)/(65/(-385)) + 11 - (-8)/1. Calculate the highest common divisor of 1552 and l.
16
Let s(t) = -3*t**2 - 271*t - 160. Let k be s(-6). What is the highest common divisor of 582 and k?
194
Suppose 93*p - 52675 - 6006 = -8*p. Calculate the greatest common divisor of 83 and p.
83
Let j = 271 - 190. Let n be (-4)/(-3)*j/18. Let u = 964 + -916. What is the greatest common factor of u and n?
6
Suppose b - 3*g = 33, -5*g + 100 = 5*b - 105. Suppose -1701 = -b*u + 1458. Calculate the greatest common divisor of 9 and u.
9
Suppose -6*h + 8*h - 518 = 0. Suppose 5*k - h = 241. Let v = 140 - k. Calculate the greatest common factor of v and 8.
8
Let m = 161 + -430. Let h = -241 - m. What is the greatest common divisor of 126 and h?
14
Let h = 203 - 92. Let p = h + -23. What is the greatest common divisor of 22 and p?
22
Let z = 5 + 3. Let m(k) be the first derivative of 8*k**3/3 + k**2 - 2*k + 26. Let p be m(1). Calculate the greatest common factor of p and z.
8
Let y = 243 - 15. Suppose 3*m + y = -m. Let s = -25 - m. Calculate the greatest common factor of s and 224.
32
Let o = -42 - -15. Let i = o - -32. Suppose -2*c - 3 = i*u - 14, c + 4*u = 4. Calculate the highest common factor of 2 and c.
2
Let u(y) = 3*y - 5 - 1 + 1 - 2. Let p be u(4). Suppose -8*f = -7*f - p. What is the highest common divisor of 35 and f?
5
Let y be (20/6 - 3)*18. Let d be y/((-606)/624 + 1). Calculate the greatest common factor of d and 26.
26
Let i be (-2)/9 + 227/9. Let g = -574 - -604. Suppose 14*b + g*b = 2200. Calculate the highest common divisor of i and b.
25
Let j(n) = -20*n + 156. Let u(b) = -7*b + 52. Let i(k) = 3*j(k) - 8*u(k). Let f be i(-7). What is the highest common factor of 64 and f?
16
Suppose 3*g - 770 = -4*r - 2*g, -4*g - 372 = -2*r. Suppose 37*u + 114 = 484. Calculate the highest common divisor of u and r.
10
Let d = -20 + 31. Let t(a) = 4*a**2 + 10*a + 17. Let o be t(-5). Let b = d + o. Calculate the highest common factor of 26 and b.
26
Let j = 205 - 176. Let p be (1/1)/(j/14 + -2). What is the highest common factor of p and 42?
14
Suppose 2475 = 10*v - 1535. Let h = 527 - v. Calculate the highest common factor of 14 and h.
14
Suppose -3*j + 5 + 10 = 0. Suppose -j*p = -6*p - 1. Let f be (-133)/7*(-3 + p). What is the highest common factor of 38 and f?
38
Let d(g) = 545*g**2 - 6*g - 7. Let l be d(-1). Let m = -519 + l. What is the highest common divisor of 475 and m?
25
Suppose 2*b = 2*o - 0*b + 4, -4*b + 16 = 0. Suppose 0 = 26*z + o*z - 23100. What is the greatest common divisor of 33 and z?
33
Let g be ((-46)/4)/(((-17)/(-2))/(-17)). Suppose -g*p - 12 = -29*p. Calculate the greatest common divisor of 6 and p.
2
Let s be (-4)/(-1)*327/12. Let k = s + -53. Calculate the highest common divisor of k and 24.
8
Let v be (-1 - 63/(-45))*17/6*15. Calculate the greatest common factor of v and 262.
1
Let l(k) = 106*k - 98. Let d be l(1). Calculate the greatest common factor of d and 44.
4
Suppose -8*l + 8 = -4*l, -5*l - 118 = -2*z. Suppose 36*v - z = 28*v. Calculate the greatest common divisor of 184 and v.
8
Let u be ((-99)/(-2))/((-1)/(-4)). Let m = 394491 - 394381. Calculate the highest common divisor of m and u.
22
Let k(v) be the first derivative of -4*v**2 + 100 - 65 - 52 + 5*v. Let s be k(-2). What is the highest common factor of 63 and s?
21
Let l be 273/15 + 4/(-20). Suppose -4*h + 5*p + 207 = 0, 2*p = -h - 3*h + 186. Suppose -h = l*o - 22*o. What is the highest common factor of o and 18?
6
Let m = 22754 + -19862. What is the greatest common factor of 84 and m?
12
Let i be 2784/(-580)*(-9)/(-2)*5/(-2). Calculate the highest common divisor of i and 8766.
18
Let i be (-18)/(-21)*(-2)/4 + (-858793)/(-2821). Calculate the greatest common divisor of i and 1292.
76
Suppose 4*g - 488 = 280. Let l(r) = -r**3 - 2*r**2 + 2*r - 124. Let c be l(0). Let p = c + 136. What is the highest common factor of g and p?
12
Let v = 688 - 686. Let q be (3*(-217)/42)/((-1)/v). What is the greatest common factor of q and 2?
1
Let z(n) be the third derivative of 1/12*n**5 + 5/2*n**3 - 13/24*n**4 + 0 - 25*n**2 + 0*n. Let s be z(6). What is the greatest common factor of 13 and s?
13
Suppose 37 - 67 = -6*f. Suppose f*l - 2*l = 2652. Calculate the greatest common divisor of 68 and l.
68
Let h be 1*-8*2244/(-11). What is the highest common divisor of h and 102?
102
Let o be 710/14 + 9 - (-1)/(14/4). Calculate the greatest common divisor of o and 980.
20
Suppose -5*s = -2*y + 24, -y - 5*s - 26 = -4*y. Suppose 6 = -4*q - y, 4*d + 5*q = 18. Let b = d + 9. What is the highest common factor of b and 4?
4
Let c(t) = -t + 8 + 4 + 2*t**2 - 15. Let x be c(-4). What is the greatest common divisor of x and 6?
3
Let x = -706 + 720. Let u = -51 + 73. Suppose 608 = 5*o - u. Calculate the highest common divisor of x and o.
14
Suppose 5*t = -2*l + 66, -186 = -0*l - 7*l + 5*t. Suppose 0 = l*v - 38*v + 960. Calculate the highest common divisor of 456 and v.
24
Suppose -42 = -19*k + 34. Suppose 2*c + 188 = -0*z + z, 4*z - k*c - 768 = 0. Calculate the highest common divisor of z and 7.
7
Suppose 1896 = 22*q - 656. Let n = q - 108. Calculate the greatest common divisor of 2 and n.
2
Suppose 4036*y = 4044*y - 4800. What is the highest common divisor of 435 and y?
15
Suppose 5*g - 101 + 24 = n, 3*g + 4*n - 37 = 0. Let k be 1 + ((-1)/2)/(g/(-330)). What is the highest common factor of 12 and k?
12
Suppose -59*x = -56*x - 312. What is the highest common divisor of 1274 and x?
26
Let f(n) = n**2 + 13*n - 14. Let c be f(-14). Suppose c*g + 4*b + 28 = 4*g, b + 4 = 0. Suppose g*t = -t + 8. Calculate the greatest common factor of t and 5.
1
Suppose 4*z - 3*c = 2*c + 377, 5*z = c + 445. Let y = 1199 + -1190. Suppose y = -k + 2*v + 11, 0 = -k + 4*v - 4. What is the highest common factor of k and z?
8
Suppose j - 1 = 0, 3*l = -5*j + 10 + 7. Calculate the highest common divisor of 10724 and l.
4
Let y(n) = 2*n**3 - 13*n**2 + 8*n - 4. Let m be y(8). Let a be ((-4)/6)/((-56)/m). Calculate the greatest common factor of 6 and a.
3
Suppose 0 = -4*j - 31*d + 34*d + 366, 3*j = 4*d + 292. Suppose g = -1, -5*k - 5*g = -k - 79. What is the greatest common divisor of j and k?
21
Let s(o) = 333*o + 1398. Let h be s(-2). What is the greatest common divisor of 36 and h?
12
Suppose 0 = 489*k + 56*k - 28014635. What is the greatest common factor of 11 and k?
11
Suppose 117 = y - l + 83, -4*l = 4*y - 112. What is the greatest common divisor of y and 93?
31
Suppose 196 = 18*l - 75 - 179. What is the greatest common factor of 5725 and l?
25
Let c be (((-627)/(-4))/(-3))/((-126)/504). Suppose 4 = -4*h + 156. Calculate the highest common factor of